 - -33
20
Calculate -64 + 2 - (11 + -6) - (-33 + 16).
-50
What is (14 - (-4 + 0)) + (-109 - -96) + -101?
-96
What is the value of (19 - -9) + -25 - -12?
15
What is -50 + -5 - (543 + -510)?
-88
What is the value of -16 + 74 + (-230 - -148)?
-24
Calculate (-9 - (-15 - -1)) + (31 - -2).
38
Calculate 41 + 9 - (-5 + (2 - -3)).
50
What is 74 + (-33 - (-5 - 43) - -10)?
99
What is the value of (10 - 20 - ((-43 - -25) + 15)) + -2 + -78?
-87
Calculate 250 + -294 - (0 + -44).
0
Evaluate (7 - 21 - (-27 - -15)) + 3.
1
What is the value of -7 + -10 + 12 + -12 - (-13 + -1)?
-3
Calculate 9 - -33 - -2 - (163 - 161).
42
What is the value of -7 + (0 - 10) + 7 - (25 - 7)?
-28
What is 1 - (-1 + (0 - -3)) - (521 - 555)?
33
Calculate -99 + -1 - (-53 - -41 - 15).
-73
Evaluate (20 - 7) + -3 - (114 + -55) - -7.
-42
What is 6 + 9 + 2 + -7 + -18 - -25?
17
24 + -25 + 3 + (-40 - -3 - -4)
-31
Calculate 3 + -1 + -1 + (897 - 896) + (-1 - 48).
-47
What is the value of 29 + -47 - 33 - (-14 + 58)?
-95
Evaluate (-12 + -1 - (-802 - -780)) + -94.
-85
-16 + 0 + (104 - -17) + -38
67
Calculate (6 - 1 - (23 + -43 + -7)) + (0 - -3).
35
What is -1 - 37 - (-252 + 268 - (22 - 1))?
-33
What is the value of -10 + (-30 + (-6 - -20) - 37) + 10 + -2?
-55
Evaluate (-281 + 298 - (-1 - -4)) + -62 + 21.
-27
Calculate -227 + 36 + 238 - (0 + 0 + -8).
55
Evaluate -17 - (-12 + 12 + -14) - 36.
-39
-54 + (1 - -48) + (-4 - (-3 - 0))
-6
What is the value of (3 + 0 - 5) + (4 - -20) + -24 + 12?
10
Calculate -5 + -508 + 490 + 1 + 1.
-21
Calculate (-195 - 24) + 217 + (-2 - -74).
70
17 + -2 + -18 + (9 - 17)
-11
405 + -278 + -41 + 8 + -5
89
Calculate (-44 - (12 + -56)) + -48 - (-1 + 16).
-63
Evaluate 14 + -33 + (25 + -30 - -24).
0
What is the value of (-1 - 1 - (76 - 100)) + -64?
-42
Evaluate 118 - 98 - (-11 - -21).
10
What is (-15 - -16) + (4 - (-1 + 0)) + (-327 - -306)?
-15
What is the value of -72 + 2 + (-8 - (-23 + 0)) + -9?
-64
6 + (-8 - (21 + -43) - 0)
20
What is -1254 + 1302 + (1 - 43)?
6
What is the value of -918 + 1009 - (-11 - -45)?
57
-230 + (-101 - -201) + (-2 - -27)
-105
What is -28 + (10 - 15 - 4 - (30 + -20) - -7)?
-40
What is -6364 + 6317 + (1 + -1 + 0 - (3 + 8))?
-58
-4 + 1 + -24 + (26 - -9) + -36 + -10
-38
Calculate -7 + (31 - (-9 - (27 + -59))).
1
What is the value of -188 + 75 + 112 - (29 - 1)?
-29
(-1 - -1) + -27 - (-1634 - -1659)
-52
What is the value of (133 - 45) + (-32 - 12)?
44
Evaluate (-63 - -38) + (30 - -18).
23
Calculate (-2 + 2 - (-8 - -3)) + -23 + 17 + 2.
1
What is the value of (-10 - (-18 - (20 - (24 - 5)))) + -4?
5
Calculate 18 + -2 - 22 - (4 - (116 - (4 + 7))).
95
-3 - (11 - 29) - -21 - (-3 - (-8 - 1))
30
What is the value of -1 + 22 + 13 + -144 + 150?
40
What is the value of (17 - (29 - (-12 - -29) - -12)) + 30?
23
What is (-7 - (12 + -12)) + 47?
40
123 + (70 + 19 - 143)
69
What is -5 - -6 - (3 + 17) - (-360 + 351)?
-10
-2 + -21 - -91 - (23 + -1)
46
What is the value of 25 - ((13 - -3) + 41)?
-32
What is (-34 + -16 - 11) + 76?
15
What is -83 + (35 - 13 - 32) + 17 + (4 - 2)?
-74
What is the value of 2 + -9 - (-697 - -717)?
-27
Calculate 15 + (-27 - (-22 - -5) - -27).
32
Evaluate (5 - -70) + -606 + 479.
-52
What is -1 + -26 - (-32 + -1 + 25)?
-19
9 + (3 - 8) - 12 - (3 - (-55 + 6))
-60
What is (-80 + 68 - 14) + -44?
-70
-12 + 3 + -31 + (22 - 8) + (7 - 0)
-19
What is 16 + -4538 + 4560 + (-12 - (0 - -1))?
25
What is (-26 - 0 - (-1468 + 1428)) + 19?
33
What is (7 - -2) + (-53 - (-27 - 27) - (-2 + 2))?
10
Calculate 1 + 66 - (538 + -510) - (5 + 1).
33
(-44 + -33 - 84) + 102
-59
Calculate 93 + -91 + -31 + 116.
87
Evaluate 18 + (-12 + -11 - -14) + 5 - 36.
-22
What is -31 - (-7 + 1 - (-179 - -168))?
-36
What is (-179 + 220 - 56) + (0 - (-24 + -2)) + 116?
127
What is the value of (-6 - (-25 - -14)) + 1 + 3 + -59?
-50
Calculate 712 + -635 + (6 - -39).
122
Evaluate 13 + 10 + -37 + 3.
-11
Evaluate -116 + (34 + 7 + -4 - 18).
-97
What is the value of -16 - (2 - 8) - (-32 + 83 + -14)?
-47
What is -18 + -22 - (-18 + 48 + -39)?
-31
What is -116 - (-97 + 17) - (-125 - -5)?
84
What is -98 + (-15 - 30) + 85?
-58
What is -5 - (0 - 1) - (63 - (62 - -10 - 45))?
-40
What is -9 - (1 - 1) - ((244 - 22) + -218)?
-13
Calculate 19 + 2 - (51 - -29 - 32).
-27
What is -103 - -97 - (-14 + 24)?
-16
What is -52 - ((1631 - 1634) + (1 + -7 - 2))?
-41
Calculate -9 - (-64 + 143 + -25).
-63
Calculate -13 + -2 + 87 + (84 - 189).
-33
What is (121 - 53 - (0 - -11)) + (0 - -1) + -7?
51
What is (-54 - -13) + (-5 - (2 + -9)) + 9?
-30
What is the value of -37 - 1 - (-6 + (-19 - (10 + -18)) - -7)?
-28
Calculate (100 - (192 + 14)) + 9.
-97
Evaluate -9 + -29 + 50 + -25.
-13
(62 - (14 + -25)) + -21 + 5
57
What is -1 + (-22 - -45 - -12) - -53?
87
What is -39 + (-16 - -62) - (0 + -15) - 15?
7
Calculate 996 - 1068 - (-26 - 0).
-46
Calculate (3 + 0 - (179 - 183)) + (0 - 8 - -1).
0
What is (-47 + 47 - 39) + 18?
-21
((-21 - (18 - 18)) + 27 - 12) + -86
-92
Calculate 40 + -67 + 15 + 1 + 3.
-8
Calculate 29 + 1 + (415 - 425) + -7 - -64.
77
What is -1 + 13 + -1 + 109 + 28 + -150?
-2
What is 10 - (-56 - -28 - -10 - (-4 - 2))?
22
What is the value of -6 - 85 - -95 - (-1 + 2 - 0)?
3
Calculate -11 - (-47 - (54 + -92)).
-2
What is the value of 421 - 412 - ((1 - 4) + 18)?
-6
Evaluate -23 - (-76 - (29 + -40) - 18).
60
What is the value of (-23 - (-9 - (10 + -31))) + 0 + -9?
-44
Evaluate -22 + 45 - (4 - 9).
28
Calculate 1 + -18 + 65 + 2.
50
-3 - 138 - (-111 + 25)
-55
What is the value of 82 - (1 + -4) - ((9 - (14 - -2)) + 10)?
82
Calculate 161 + (-32 + (26 - 24) - -20).
151
Evaluate -5 - (-87 - (9 + (7 - 17 - (15 - 15)))).
81
Evaluate 18 + (-10 - (10 - 11 - -3)).
6
Evaluate 31 - 32 - -27 - -7.
33
Calculate (19 - 7 - 15 - -15) + -64.
-52
22 + 10 + -39 + -24 + 34
3
What is the value of (21 + -30 - (15 + -2)) + (5 - -10 - 1)?
-8
Evaluate -4 + -8 + 8 - 15 - -54.
35
What is 5 + 1 + -2 + -16 + (3314 - 3231)?
71
-29 - (11 - 44) - -19
23
What is the value of (-990 - -984) + (7 - 3)?
-2
What is the value of -4 - -56 - (2 + -3 + -7 - -9)?
51
Calculate (-14 - -73 - 17) + -25 - (0 + 100).
-83
Calculate 130 + (4 + (40 - 45) - -16).
145
Evaluate -97 + 30 + 78 + -1 + -98 - -15.
-73
Evaluate 21 + (6 - 37) + -33.
-43
What is the value of 61 + (-2 - -11) + 58 + -99?
29
(-22 - (8 - (10 - 24))) + (0 + 0 - 11)
-55
What is 2 - 9 - (74 + -14 - (-28 - -224))?
129
What is the value of -29 + -5 + 0 + -51 + 39 + 20?
-26
Calculate 6 - (-59 + -17 + 95).
-13
What is 10 + -3 + -8 + (89 - 80) + -25 + -2?
-19
Evaluate 1 + 30 - (569 + -599).
61
What is the value of -3 + (13 - (-1 - -3)) - (-3724 + 3724)?
8
Evaluate -11 + 16 + (9 - (14 + (1 - 4))).
3
-52 + -6 - (6 + 4 - (-2 + 0))
-70
Evaluate (-2 + 0 - 13) + 4 + (173 - 170) + 28.
20
What is -118 - (-22 - (-19 - -73))?
-42
What is the value of -9 + 5 - (-276 - -322)?
-50
Calculate (127 - -3) + 4 + (-15 - -25) + -2 + -9.
133
Evaluate -43 - 22 - (0 + (-52 - -66)).
-79
30 + -5 + 1 + -12 - -23
37
Evaluate (-2 - 13) + (13 - (14 + -25 + 6 - -13)).
-10
What is -13 - -13 - 23 - ((-1 - -4) + -5)?
-21
What is 298 + -285 + -57 + -1?
-45
Calculate (-61 - -43) + (0 + -8 - -86) - 11.
49
What is the value of -30 - 7 - (-53 + 48) - 4?
-36
-15 + -15 + 10 + 3 + (-77 - -38)
-56
What is the value of -93 + (3 - -13 - -7) + -79 + 72?
-77
Evaluate (1059 - 1016) + (-63 - -1).
-19
Calculate (-18 - (-15 + 8)) + 10 - -89 - -8.
96
What is the value of 23 + (15 - 25 - 18) + (-2 - -5) + 40?
38
Calculate 8 + (-20 - (-10 - -20)).
-22
Evaluate -41 + 18 + 34 + (9 + -10 - -74) + -2.
82
Calculate (-68 - -54) + 28 + 0 + 5 + -1.
18
What is the value of (446 + -436 - (7 - (0 + 0)) - 0) + -81?
-78
Evaluate -4 - (19 - (-13 - -44)) - (-80 - 0).
88
0 - 4 - (-6 + (13 - (-27 + 18)))
-20
(-2 - 27) + (-5652 - -5642)
-39
Evaluate -41 - (4 + -22 + -92) - -40.
109
Evaluate -1 - ((0 - 0) + (-13 - (-30 + 23))).
5
Evaluate (-4 - (7 + 14)) + -139 + 165.
1
-2 + 104 + -10 + (-112 - -98)
78
Calculate -6 - -56 - ((62 - 32) + -17).
37
Evaluate (70 + -115 - -82) + -59.
-22
(9 + -10 - -10) + (-54 - 12 - -6) + 11
-40
-40 + (18 + -35 - -18) + 2 + 1
-36
Calculate (-5 + (-24 - -5) + 7 - -3) + (-132 - -234).
88
What is the value of 10 - 0 - -1 - ((10 - 23 - -11) + 85)?
-72
Calculate -134 - -149 - (44 + 7) - -31.
-5
Calculate -214 + 245 + -30 - (-2 + 16).
-13
What is 29 + -14 - (8 + -9 + 6)?
10